t is the highest common factor of 65 and c?
13
Let x be 2 - ((-208)/4 - 3). Calculate the highest common divisor of x and 19.
19
Let o be 5*-2*(-2)/10. Let u = 46 - 40. Calculate the highest common factor of u and o.
2
Let u(i) = 7*i - 2. Let z be u(2). Suppose 2*k + z = 5*k. Let x(p) = p - 2. Let j be x(6). Calculate the greatest common divisor of j and k.
4
Suppose -4*r - 3*t + 21 = -944, -5*r + 1205 = 4*t. What is the greatest common divisor of 35 and r?
35
Suppose -2*z + 1 = 19. Let i = -5 - z. Suppose 2*l + 2*l - 287 = -5*d, -i*d = -5*l - 205. Calculate the greatest common factor of 11 and d.
11
Suppose 4*b + 236 = 4*k + 6*b, -b - 288 = -5*k. Suppose -4*y + 3*j = -k, 5*j = -y - 1 + 4. What is the greatest common factor of 65 and y?
13
Let t(h) = -h**3 + 4*h**2 + 4. Let m be t(-4). What is the highest common factor of m and 12?
12
Suppose -2*w = -2*n - 30, 3*w + 5*n - 9 - 4 = 0. Let g = -3 - -4. What is the highest common divisor of g and w?
1
Suppose 65 = 3*o - 7. What is the highest common divisor of 60 and o?
12
Let b be (15/6 + -4)*20/(-6). Calculate the greatest common divisor of 40 and b.
5
Let k be (-3)/2*10/(-3). Calculate the greatest common divisor of 15 and k.
5
Suppose -26 = 26*k - 28*k. Calculate the highest common divisor of k and 143.
13
Suppose -q + 47 = -0*i - 5*i, -q + 38 = 4*i. What is the greatest common divisor of q and 28?
14
Let f be 3/(-6)*0 - -2. Let c = -1 + f. What is the highest common factor of 1 and c?
1
Suppose 5*m = 23 - 3. Suppose 8*c - m*c = 28. What is the greatest common divisor of 7 and c?
7
Let l be (-1)/3 - 97/(-3). Let u be 2 - (2 + (-2 - 3)). Suppose 4*r - 104 = -n, -5*r + l = -u*n - 73. What is the highest common divisor of 10 and r?
5
Let x = 140 + -134. What is the highest common divisor of 18 and x?
6
Suppose 4*d - 114 = 3*o - 8, 0 = -4*o + 8. Suppose 0 + 2 = n, r + 16 = 5*n. Let c be 8/r*(-42)/4. What is the greatest common divisor of d and c?
14
Suppose 5*o + 3*p - 72 = 0, -4*o - p = -6*p - 28. Suppose -1 = 4*h + 2*r - 3, -h = r + 2. What is the greatest common factor of o and h?
3
Let p = -10 - -136. Suppose -3*s - 3*y = -51, 0*s - s - 4*y + 5 = 0. What is the highest common divisor of s and p?
21
Suppose 38 + 10 = 2*t. Let o = -5 + 8. Suppose -3*m = -6*m + h + 11, -o*m = -5*h - 19. Calculate the greatest common factor of t and m.
3
Let m(q) be the third derivative of q**4/8 - q**3/6 + 4*q**2. Let a be m(1). Calculate the highest common factor of 16 and a.
2
Let c(r) = 5*r - 4. Let v be c(1). Calculate the greatest common factor of v and 1.
1
Let d(q) = q**3 + 5*q**2 + q - 1. Let j be d(-4). Let o = -3 - -6. Suppose -o*f - 49 = -214. Calculate the highest common divisor of f and j.
11
Suppose 13 = 2*l - 5*m - 2, 3*m + 13 = 2*l. Let b(g) = -g - 4. Let j = -17 + 11. Let a be b(j). What is the highest common divisor of l and a?
1
Suppose 3 = 2*a - 1. Suppose -4*d + 5*s = 80, -a*d = -s + 16 + 24. Let k be 2/(-3) + d/(-3). What is the highest common factor of 66 and k?
6
Let n(g) = 15*g**3 - g. Let j be n(1). What is the greatest common divisor of 98 and j?
14
Suppose 83 + 61 = 2*u. What is the greatest common factor of u and 18?
18
Let f = -55 - -99. Calculate the highest common divisor of f and 66.
22
Let k = -18 - -22. Suppose -k*d - 19 = -199. What is the greatest common divisor of 9 and d?
9
Let p = -19 - -12. Let o(f) = f**2 + 10*f + 9. Let g be o(p). Let b be (15/g)/((-2)/8). Calculate the greatest common factor of 2 and b.
1
Let t = -49 - -153. What is the highest common divisor of t and 13?
13
Suppose a - 3 = -0. Suppose 0 = -a*t - 3*m + 21, -6*m = -2*t - m + 49. Calculate the greatest common divisor of t and 30.
6
Let r = -88 + 184. What is the highest common divisor of 24 and r?
24
Let m = 32 - 22. Let y = m + -6. Suppose 5*n = 5*v - 70, -y*v + 32 = 4*n - 0*n. What is the greatest common divisor of v and 66?
11
Let o = 1 - -1. Let q be (-2)/(3 - (3 + o)). Calculate the greatest common divisor of 4 and q.
1
Let q = -66 - -104. Calculate the highest common factor of q and 114.
38
Let h(u) = -u**3 - 4*u**2 - u + 1. Let n be h(-4). Let a = -144 - -146. What is the highest common factor of n and a?
1
Suppose -3*i + 18 = -0*i. Suppose 8*u + 36 = 12*u. Calculate the greatest common factor of i and u.
3
Suppose -31 = -3*q + 5*g, 4*g - 5*g - 11 = -3*q. Suppose 5*f = -5, -n - 6 = -0*n - q*f. Let u be 16/4*(-14)/n. What is the highest common divisor of 1 and u?
1
Let n(b) = 14 - 23 - 4*b**2 - 10*b**3 + 7. Let w be n(-3). What is the greatest common divisor of w and 29?
29
Suppose 0 = -5*j - 56 + 6. Let d be (-16)/j*(-55)/(-11). Calculate the highest common factor of 64 and d.
8
Let d be 4 - (2/1)/(-1). Let k be (3/d)/((-2)/(-572)). Calculate the highest common factor of k and 13.
13
Suppose -2 = -0*g - g. Suppose i + 20 = g*i. Suppose 0 - 4 = -r. What is the highest common factor of r and i?
4
Let r(m) = -m**2 + m + 25. Let t be r(0). Let j = -16 + 19. Suppose j + t = 4*d. What is the highest common divisor of d and 1?
1
Suppose -3*z + z + 44 = 0. Let w = 317 + -163. Calculate the greatest common factor of z and w.
22
Suppose -13*c = -16*c. Suppose -22 = -n - c*n. Calculate the greatest common divisor of 198 and n.
22
Let j be (-860)/(-70) - (-4)/(-14). Let c = -13 - -25. Calculate the highest common divisor of j and c.
12
Let l(x) = -x + 3. Let g be l(-8). What is the highest common divisor of g and 33?
11
Let m(z) = z**2 + 2*z - 3. Let f be m(-3). Let b be f + (-2 - -1) + 7. What is the highest common factor of 36 and b?
6
Let c = -25 + 30. Suppose 10*s = c*s + n + 41, 3*s - 4*n - 28 = 0. What is the greatest common factor of 32 and s?
8
Let w be (1 - -7)*(-3)/(-8). Let h = -1 - -6. Suppose 2*g - h = 1. What is the highest common divisor of w and g?
3
Suppose 2*a = 22*a - 940. What is the greatest common divisor of 376 and a?
47
Let p = -7 - -10. Let y be (p - 0) + 23 + -2. Calculate the highest common divisor of y and 216.
24
Let s = -1 - -7. Let x be (-2)/s + 340/30. What is the highest common factor of x and 121?
11
Let g be (-1)/(-6) + (-15)/(-18). Calculate the highest common factor of g and 7.
1
Let k = -30 - -40. What is the greatest common factor of 90 and k?
10
Let i be (-151 - 2)*8/(-6). Let x = i + -124. What is the greatest common divisor of x and 10?
10
Suppose -2*n + 3 = -n. Suppose -n*m = -2*w - m + 22, -m = 2*w - 37. What is the highest common divisor of w and 4?
4
Suppose 0 = 3*m - 2*y - 234, -8*m + 4*m + 312 = -5*y. Calculate the highest common factor of m and 6.
6
Suppose -3*x + x = -46. Suppose -u + 27 = -x. Let v = 22 + -2. What is the highest common factor of v and u?
10
Let a be 3*201/27 - (-2)/3. What is the highest common divisor of 184 and a?
23
Suppose 2*w = -p - 0*w + 3, -p - 3*w + 1 = 0. Calculate the greatest common divisor of 77 and p.
7
Let r = 33 + 0. Suppose -5*t + 4*z + r = 0, -2*t + 2*z = 5*z - 4. What is the highest common factor of t and 2?
1
Suppose u - 2*j = 2*u - 26, 4*u = 2*j + 124. Calculate the greatest common factor of 270 and u.
30
Suppose -5*o + 3*o + 10 = -g, 4*g + 31 = 5*o. Suppose 5*n - 3*x = 64, -o*x = 3*n - 4*n + 20. What is the highest common divisor of n and 11?
11
Suppose p + 54 = 4*p. Suppose 4*a - a - p = 0. Calculate the highest common factor of 6 and a.
6
Suppose -4*l - 471 = 81. Let y = l - -63. Let z = -51 - y. Calculate the highest common factor of 3 and z.
3
Let i(l) = 23 - 7 - 3*l + 8*l. Let w be i(15). Suppose 5*j - 32 = -4*q, -5*q + 49 = -0*q + 4*j. What is the greatest common factor of q and w?
13
Let b = 67 + -61. Suppose -184 + 52 = -2*m. Calculate the greatest common factor of m and b.
6
Suppose -2*p - t = -7, 5*t + 66 = 4*p + 17. Let g = 30 - p. What is the highest common factor of 264 and g?
24
Let o(z) = z**3 - 3*z**2 + 2*z - 4. Let l be o(3). Calculate the greatest common factor of 22 and l.
2
Let q(t) be the first derivative of 16*t**3/3 + 8*t - 3. Let b be q(-4). What is the greatest common factor of 24 and b?
24
Suppose -18*g + 8*g + 40 = 0. Calculate the greatest common factor of 16 and g.
4
Suppose 15 = -2*w - 5. Let i be ((-24)/w)/((-6)/(-80)). What is the greatest common factor of i and 8?
8
Let a = 7 + -3. Let b(m) = -4*m + 4. Let q be b(4). Let r be (48/(-18))/(1/q). Calculate the highest common divisor of r 